
1099
Let r(o) = -1738*o - 12117. Determine r(-7).
49
Let o(z) = -585*z + 4159. Calculate o(7).
64
Let o(c) = c**3 + 7*c**2 - 413*c + 2621. Give o(8).
277
Let i(t) = -45261*t - 497886. Determine i(-11).
-15
Let s(i) = -854*i + 297207. What is s(348)?
15
Let z(r) = -11*r**3 - 19*r**2 - 58*r + 1. Calculate z(-2).
129
Let h(z) = 41*z + 256. Calculate h(-4).
92
Let y(z) = 903472*z + 13552083. Determine y(-15).
3
Let f(z) = -z**2 + 19*z + 357. What is f(-18)?
-309
Let p(z) = -z**2 - 113*z - 1150. Calculate p(-95).
560
Let a(d) = -2*d**3 + 6*d**2 + 79*d - 33. What is a(8)?
-41
Let v(l) = -36*l**2 + 1090*l - 289. Give v(30).
11
Let b(a) = -33750*a + 472517. What is b(14)?
17
Let w(k) = -2713*k + 493410. What is w(182)?
-356
Let r(u) = -2*u**3 - 147*u**2 + 695*u - 336. Determine r(-78).
210
Let s(x) = -120243*x - 240366. Calculate s(-2).
120
Let g(d) = -15*d**2 + 453*d - 12. Give g(0).
-12
Let s(m) = 102*m**2 + 1964*m + 4. Calculate s(-19).
-490
Let g(y) = -y**3 - 7*y**2 + 72*y - 167. What is g(-16)?
985
Let z(l) = -38*l + 159. Determine z(-20).
919
Let x(i) = -2*i**3 + 5*i**2 + 213*i - 24. Give x(13).
-804
Let g(l) = 326*l**2 + 127135*l - 1938. What is g(-390)?
12
Let l(p) = 2749*p - 76998. Calculate l(28).
-26
Let l(a) = a**3 + 51*a**2 - 1129*a - 260. What is l(17)?
199
Let m(o) = 6105*o - 1043927. Calculate m(171).
28
Let x(r) = r**3 + 15*r**2 + 52*r + 60. Calculate x(-4).
28
Let j(w) = -476*w + 35459. Determine j(74).
235
Let k(w) = w**2 + 1173*w - 34883. Give k(29).
-25
Let o(b) = 9*b**2 - 110*b - 2644. Determine o(-12).
-28
Let p(o) = -106*o**2 - 2607*o + 15683. What is p(5)?
-2
Let o(s) = 26*s**3 + 10844*s**2 + 809*s - 10398. What is o(-417)?
27
Let a(p) = 486*p + 159572. Give a(-329).
-322
Let d(x) = -x**2 + 137*x + 46854. Give d(-159).
-210
Let d(s) = -374503*s - 1123511. Determine d(-3).
-2
Let v(p) = -487*p**2 + 5*p + 657. Give v(0).
657
Let k(h) = h**2 + 803*h + 149187. What is k(-292)?
-25
Let u(f) = -5*f**2 + 63*f + 166. What is u(15)?
-14
Let b(p) = 4*p**2 - 241*p + 2660. Give b(14).
70
Let q(r) = 2*r**2 - 607*r - 158407. What is q(-168)?
17
Let y(p) = -p**3 + 65*p**2 + 11394*p - 2586. Give y(144).
6
Let m(x) = 199*x + 11011. Determine m(-60).
-929
Let f(c) = 116*c + 39196. Calculate f(-339).
-128
Let z(h) = -2837*h + 158860. Give z(56).
-12
Let f(r) = 32794*r + 2131639. Calculate f(-65).
29
Let c(t) = -111412*t - 222841. Calculate c(-2).
-17
Let c(d) = -2281*d - 1206718. Calculate c(-529).
-69
Let w(v) = 4477*v - 90167. Give w(20).
-627
Let s(w) = -15*w**3 - 3*w**2 + 62*w - 100. Give s(2).
-108
Let w(j) = -3229*j + 17077. Determine w(5).
932
Let h(s) = -s**3 - 28*s**2 - 29*s - 47. What is h(-26)?
-645
Let p(k) = -5*k**2 - 779*k - 5372. Calculate p(-7).
-164
Let n(g) = -14*g**3 + 136*g**2 + 528*g + 12. Calculate n(-4).
972
Let t(f) = f**3 - 62*f**2 + 283*f - 353. Calculate t(57).
-467
Let a(z) = -6*z**3 + 219*z**2 - 83*z - 242. Give a(36).
658
Let n(c) = 3*c**3 + 4380*c**2 + 4494*c + 170704. Determine n(-1459).
1
Let w(r) = r**3 - 67*r**2 - 78*r + 690. What is w(68)?
10
Let n(c) = -c**2 + 20*c + 3507. Calculate n(-50).
7
Let n(z) = -7900*z - 15783. What is n(-2)?
17
Let k(m) = -m**3 - 2*m**2 + 2273*m + 11288. Give k(-5).
-2
Let y(d) = -3431*d + 113111. Determine y(33).
-112
Let g(i) = 4*i**2 + 90*i - 898. Calculate g(13).
948
Let f(t) = 1232*t + 71484. Determine f(-53).
6188
Let k(i) = -i**2 + 60009*i - 540014. What is k(9)?
-14
Let u(z) = -3*z**2 + z + 887. What is u(-19)?
-215
Let n(g) = 2*g**3 + 36*g**2 - 164*g + 187. Give n(-22).
-77
Let t(u) = -12430*u**2 - 136750*u - 20. Calculate t(-11).
200
Let y(m) = -m**3 + 25*m**2 + 2587*m + 788. Give y(65).
-57
Let l(f) = 656*f - 12289. Calculate l(19).
175
Let f(d) = -1644*d + 9839. Calculate f(6).
-25
Let n(m) = -1435*m - 7169. Give n(-5).
6
Let l(r) = -81*r**2 + 16362*r + 42. Give l(202).
42
Let k(m) = -96*m**2 - 68*m + 321. Determine k(4).
-1487
Let t(l) = -11*l**2 + 290*l - 457. Calculate t(25).
-82
Let s(b) = -b**3 + 40*b**2 - 207*b - 800. What is s(33)?
-8
Let i(o) = o**3 - 4612*o**2 - 13840*o + 22. Give i(-3).
7
Let d(w) = 88*w - 8. Determine d(11).
960
Let i(h) = 3234*h + 106705. Calculate i(-33).
-17
Let l(g) = -90674*g + 4896409. Give l(54).
13
Let f(o) = -725*o + 122533. Calculate f(169).
8
Let d(j) = 14*j**2 + 1114*j - 13163. Calculate d(-90).
-23
Let f(y) = 36*y**3 + 442*y**2 - 347*y - 153. What is f(-13)?
-36
Let c(o) = 14*o**3 + 558*o**2 - 84*o - 98. Calculate c(-40).
62
Let n(t) = -6*t**2 - 447*t - 1334. What is n(-3)?
-47
Let z(o) = o**2 - 57*o - 1801. Give z(-16).
-633
Let u(y) = -57317*y + 687818. Calculate u(12).
14
Let g(u) = 3210*u - 13055. Calculate g(4).
-215
Let g(q) = -q**3 - 56*q**2 - 664*q - 49. Calculate g(-19).
-790
Let f(y) = -y**3 - 216*y**2 + 2035*y + 2102. Give f(-225).
-148
Let n(p) = 2*p**2 + 7057*p - 22. Give n(0).
-22
Let m(v) = -74508*v + 1564682. Determine m(21).
14
Let t(j) = 3*j**3 - 46*j**2 - 1355*j + 2861. Calculate t(2).
-9
Let z(f) = -f**3 + 44*f**2 + 219*f + 650. Determine z(49).
-624
Let c(v) = -15*v**2 - 163*v + 2312. What is c(-19)?
-6
Let f(l) = 7*l**3 - 29*l**2 + 1670*l - 9971. Determine f(6).
517
Let x(h) = 12*h**3 - 176*h**2 - 57*h + 17. Determine x(15).
62
Let a(w) = -18*w**2 + 106*w + 196. What is a(0)?
196
Let u(m) = 1517*m**2 + 948127*m + 1253. Calculate u(-625).
3
Let y(v) = -12*v**2 - 3*v + 70. Calculate y(10).
-1160
Let g(u) = -u**3 + 242*u**2 - 1242*u - 43. Calculate g(5).
-328
Let m(l) = -30369*l - 1275496. What is m(-42)?
2
Let y(z) = -z**3 + 25*z**2 - 360*z + 27. Give y(0).
27
Let d(n) = -773*n + 16955. Determine d(22).
-51
Let r(i) = -36217*i + 181093. What is r(5)?
8
Let g(y) = -17*y**3 - 4316*y**2 + 507*y - 253. What is g(-254)?
1
Let o(y) = 999*y + 3003. Calculate o(-3).
6
Let q(z) = -1038*z + 11399. Determine q(11).
-19
Let r(q) = 8*q**2 + 295*q + 567. What is r(-34)?
-215
Let i(c) = c**2 - 65278*c + 522203. Calculate i(8).
43
Let d(r) = -6*r**3 - 93*r**2 - 63*r - 269. Give d(-15).
1
Let r(a) = a**3 + 186*a**2 + 375*a + 1255. Determine r(-184).
-33
Let k(j) = -j**3 + 28*j**2 - 163*j + 95. Calculate k(5).
-145
Let t(i) = 18*i**2 + 671*i + 2872. Determine t(-5).
-33
Let q(r) = -r**3 + 76*r**2 + 222*r + 861. Calculate q(79).
-324
Let s(r) = -4*r**3 - 21*r**2 - 103*r - 700. Determine s(-6).
26
Let d(m) = -14170*m - 14147. Determine d(-1).
23
Let d(a) = 6*a**3 - 334*a**2 + 228*a - 277. Determine d(55).
163
Let a(n) = 245*n**2 - 730*n + 4. Give a(3).
19
Let y(r) = -2*r**3 + 356*r**2 + 377*r + 61721. Determine y(180).
-19
Let v(w) = -7460*w + 97009. Calculate v(13).
29
Let f(i) = i**3 - 19*i**2 + 577*i - 10510. Calculate f(19).
453
Let q(u) = 7*u**2 + 8*u + 51. Give q(-7).
338
Let d(f) = 463*f + 18738. Calculate d(-40).
218
Let t(z) = -z**2 - 37846*z + 416437. What is t(11)?
10
Let j(x) = -6*x**2 - 59*x + 5533. Give j(26).
-57
Let a(u) = -2*u**3 + 1241*u**2 - 4342*u + 14157. Calculate a(617).
-34
Let h(i) = -3518*i + 52740. Determine h(15).
-30
Let s(g) = 5341*g + 192159. Calculate s(-36).
-117
Let h(c) = 2481*c - 17167. Determine h(7).
200
Let s(b) = -b**3 + 44*b**2 - 125*b - 119. Give s(4).
21
Let k(y) = -375*y + 47764. Calculate k(130).
-986
Let k(j) = j**2 + 8918*j - 151958. Determine k(17).
-63
Let z(p) = -18*p**2 + 4875*p + 24355. Determine z(-5).
-470
Let t(l) = 19898*l + 20415343. Determine t(-1026).
-5
Let l(t) = -t**2 - 3774*t - 11314. What is l(-3)?
-1
Let k(f) = -9*f**2 - 2512*f + 469003. What is k(128)?
11
Let j(w) = 4*w**3 - 1736*w**2 - 15955*w + 3105. Determine j(443).
4
Let u(t) = -195723*t - 782828. Calculate u(-4).
64
Let b(f) = 2*f**2 - 147*f - 5425. Give b(103).
652
Let s(r) = 3*r**2 + 1784*r - 28848. What is s(16)?
464
Let h(m) = 369*m + 46033. Calculate h(-122).
1015
Let h(i) = i**2 + 33126*i - 2623198. Determine h(79).
-3
Let w(y) = -1259*y - 39171. What is w(-32)?
1117
Let l(d) = -96*d**2 - 382*d - 766. Calculate l(-2).
-386
Let h(l) = 4*l**3 - 248*l**2 - 535*l + 1473. Determine h(64).
1
Let f(x) = 496*x**2 - 15385*x + 278. What is f(31)?
-1
Let v(i) = -36*i + 4221. Determine v(17).
3609
Let s(v) = 31314*v + 31291. What is s(-1)?
-23
Let i(f) = 316*f**2 + 115*f + 209. Calculate i(-2).
1243
Let f(r) = -26*r**3 - 9*r**2 + 17*r + 30. What is f(-4)?
1482
Let j(h) = 3*h**3 + 51*h**2 - 446*h - 6311. Calcul